2
4b (base 16) to base 12
63
-10000101010110 (base 2) to base 7
-33611
Convert -2011 (base 5) to base 11.
-213
What is 1101221 (base 3) in base 16?
400
What is -eb2 (base 16) in base 15?
-11ac
-2998 (base 10) to base 2
-101110110110
5b2 (base 14) to base 9
1502
433511 (base 7) to base 11
51980
Convert -5322 (base 9) to base 15.
-1258
-101a0 (base 13) to base 10
-28860
What is -2030 (base 8) in base 16?
-418
2202222 (base 3) to base 7
5621
Convert 591 (base 11) to base 16.
2c1
What is 104 (base 6) in base 9?
44
What is 201d (base 14) in base 16?
158b
Convert -1320113 (base 4) to base 9.
-11508
What is -22002012 (base 3) in base 9?
-8065
Convert 4310003 (base 5) to base 3.
10200110022
Convert -3818 (base 10) to base 3.
-12020102
Convert 120 (base 3) to base 15.
10
What is 4d0b (base 14) in base 15?
4025
What is 101000 (base 3) in base 9?
330
-10032 (base 4) to base 11
-226
Convert -2dff (base 16) to base 2.
-10110111111111
-3a14 (base 11) to base 13
-24b5
Convert -2b39 (base 14) to base 2.
-1111000001111
What is 230463 (base 8) in base 10?
78131
Convert -1100 (base 5) to base 4.
-2112
-2cb (base 15) to base 12
-455
54502 (base 6) to base 4
1311212
Convert 2011230 (base 4) to base 14.
3192
What is -801 (base 13) in base 10?
-1353
Convert 1001010100010 (base 2) to base 9.
6480
d4 (base 15) to base 11
171
2020211122 (base 3) to base 12
217bb
What is 6004 (base 7) in base 2?
100000001110
What is 389 (base 15) in base 4?
30210
What is -34040 (base 6) in base 10?
-4776
-8520 (base 9) to base 16
-186f
What is 1101101111000010 (base 2) in base 6?
1112242
6355 (base 11) to base 2
10000011011001
-9354 (base 10) to base 11
-7034
Convert -13616 (base 8) to base 11.
-4592
What is -1045 (base 9) in base 8?
-1402
Convert 30526 (base 8) to base 7.
51552
-415 (base 10) to base 8
-637
577 (base 8) to base 14
1d5
Convert -4301023 (base 5) to base 2.
-10001100101001101
Convert 4232 (base 15) to base 5.
421442
Convert 5252 (base 8) to base 13.
1320
Convert -1242 (base 10) to base 5.
-14432
-100 (base 13) to base 3
-20021
Convert -1100011000 (base 2) to base 14.
-408
-25785 (base 10) to base 11
-18411
1024 (base 8) to base 4
20110
Convert -104101 (base 6) to base 12.
-5031
-13443 (base 5) to base 13
-685
What is 1000111100 (base 2) in base 11?
480
What is 1011110001010 (base 2) in base 11?
4589
What is -2a44 (base 11) in base 2?
-111101010000
Convert -26314 (base 8) to base 4.
-2303030
What is e2 (base 16) in base 11?
196
Convert 11022302 (base 4) to base 10.
21170
11332 (base 8) to base 9
6552
-3c7 (base 16) to base 8
-1707
Convert -300020 (base 4) to base 7.
-11660
-9673 (base 12) to base 9
-24566
75c (base 14) to base 12
a12
-321222 (base 4) to base 16
-e6a
What is -150 (base 16) in base 9?
-413
Convert -11130313 (base 4) to base 9.
-33557
What is 3156 (base 8) in base 4?
121232
Convert 2297 (base 10) to base 6.
14345
What is -10011011101111 (base 2) in base 8?
-23357
What is -321201 (base 4) in base 12?
-2169
-1010011011 (base 2) to base 7
-1642
Convert -145 (base 12) to base 6.
-525
-10001000001111 (base 2) to base 6
-104211
3000321 (base 5) to base 2
1011011101110001
-1b6 (base 12) to base 9
-343
Convert -1200 (base 9) to base 6.
-4043
Convert -f87 (base 16) to base 7.
-14406
-34313 (base 9) to base 6
-253450
Convert -5103 (base 10) to base 12.
-2b53
What is 31213 (base 8) in base 6?
135523
What is 95a7 (base 11) in base 16?
319d
Convert 17ed (base 15) to base 2.
1010000110101
Convert 1004342 (base 5) to base 16.
3f5e
Convert -41c (base 16) to base 9.
-1388
Convert 10000011011111 (base 2) to base 8.
20337
What is -11001 (base 2) in base 12?
-21
-102212011 (base 3) to base 6
-104004
21bd (base 16) to base 13
3c15
Convert -864 (base 15) to base 3.
-2121011
What is -211 (base 10) in base 8?
-323
What is -32312 (base 4) in base 10?
-950
Convert 53a (base 12) to base 7.
2143
-80 (base 14) to base 7
-220
207505 (base 8) to base 16
10f45
Convert -3c (base 14) to base 4.
-312
1111111010110110 (base 2) to base 8
177266
Convert 4cdc (base 15) to base 5.
1011112
What is -2211200 (base 3) in base 11?
-1612
Convert -241a (base 12) to base 16.
-fd6
What is 243 (base 10) in base 16?
f3
What is -111110 (base 3) in base 6?
-1403
What is -22112 (base 3) in base 2?
-11100110
Convert 10001110010 (base 2) to base 9.
1504
What is -20313 (base 10) in base 4?
-10331121
What is 1376 (base 12) in base 13?
1041
What is 1423 (base 6) in base 3?
111220
What is -1001011110000 (base 2) in base 7?
-20064
Convert -bdf4 (base 16) to base 5.
-3024003
-4340 (base 5) to base 16
-253
Convert 651 (base 15) to base 12.
9aa
Convert -533 (base 9) to base 4.
-12303
dd99 (base 15) to base 3
2101101200
Convert 463 (base 8) to base 14.
17d
-522 (base 11) to base 6
-2525
-322 (base 16) to base 11
-66a
-1132321 (base 4) to base 11
-4621
What is -b1b4 (base 12) in base 5?
-1104123
1343 (base 9) to base 15
476
Convert 4630 (base 8) to base 15.
adb
Convert c4 (base 15) to base 16.
b8
1005 (base 7) to base 13
20a
Convert -19b6 (base 13) to base 16.
-f1b
What is 4714 (base 8) in base 12?
1550
1010000110101110 (base 2) to base 8
120656
What is 110101001 (base 2) in base 9?
522
3631 (base 8) to base 15
89a
Convert 1120111 (base 3) to base 13.
6a3
7689 (base 12) to base 7
53043
What is -9a9 (base 11) in base 13?
-71c
1003202 (base 4) to base 6
32002
Convert 3112 (base 5) to base 10.
407
-102331 (base 4) to base 6
-5341
Convert 111011000000101 (base 2) to base 8.
73005
-1000000111010 (base 2) to base 14
-172a
What is 4843 (base 11) in base 10?
6339
What is 114200 (base 5) in base 12?
25a4
514 (base 14) to base 11
828
What is -b876 (base 12) in base 13?
-92a9
What is 1679 (base 10) in base 2?
11010001111
120201120 (base 3) to base 7
45264
What is -3311301 (base 4) in base 3?
-210120120
-701 (base 12) to base 11
-838
Convert -10351 (base 10) to base 7.
-42115
What is -2562 (base 7) in base 8?
-1717
Convert 4099 (base 15) to base 12.
7a90
What is -100111111 (base 2) in base 9?
-384
Convert 14344 (base 8) to base 12.
3830
Convert 1880 (base 11) to base 6.
15015
Convert -112000 (base 4) to base 5.
-21113
Convert 3437 (base 9) to base 4.
213301
Convert -1032022 (base 4) to base 12.
-2a8a
Convert -220011001 (base 3) to base 13.
-8023
2005 (base 8) to base 12
719
6866 (base 9) to base 7
20550
e68 (base 15) to base 5
100443
Convert 152 (base 6) to base 5.
233
-1016 (base 7) to base 4
-11210
-5347 (base 8) to base 3
-10211101
115553 (base 6) to base 7
42135
Convert 111100 (base 4) to base 6.
10144
What is 2634 (base 16) in base 12?
57b0
Convert -5066 (base 14) to base 16.
-35f2
Convert -10231211 (base 4) to base 3.
-222110212
What is -14952 (base 11) in base 2?
-101001001110111
-23300 (base 7) to base 11
-4545
-11110110101 (base 2) to base 7
-5516
What is 334 (base 11) in base 6?
1504
Convert -1187 (base 9) to base 12.
-621
Convert -1001010001 (base 2) to base 14.
-305
What is -20231 (base 5) in base 11?
-a97
1046 (base 8) to base 9
671
-2010201 (base 3) to base 7
-4354
What is -298 (base 14) in base 15?
-251
What is -2004 (base 5) in base 13?
-167
Convert 110102 (base 5) to base 14.
153b
What is -13a (base 11) in base 10?
-164
Convert -1440 (base 13) to base 12.
-1839
-2200023 (base 4) to base 7
-41613
-110142 (base 7) to base 13
-8a18
What is -50 (base 12) in base 4?
-330
Convert 101101111101001 (base 2) to base 13.
a92c
What is 10199 (base 12) in base 13?
9732
Convert -555 (base 12) to base 14.
-401
What is 1030213 (base 5) in base 4?
10102112
What is 1107 (base 8) in base 6?
2411
1c79 (base 16) to base 7
30152
Convert e1e2 (base 15) to base 7.
256013
-1167 (base 8) to base 9
-771
1112 (base 5) to base 14
b3
Convert -211 (base 9) to base 6.
-444
What is 15827 (base 9) in base 5?
322004
Convert -14460 (base 9) to base 10.
-9855
Convert -477 (base 11) to base 3.
-210001
Convert -24b (base 13) to base 16.
-191
254 (base 10) to base 15
11e
-aa (base 12) to base 5
-1010
120122100 (base 3) to base 4
2302023
What is -115 (base 11) in base 16?
-89
-136236 (base 7) to base 4
-12121101
-8312 (base 11) to base 9
-16108
What is -ae6 (base 15) in base 10?
-2466
-251 (base 15) to base 12
-37a
-10010011110110110 (base 2) to base 5
-4410302
What is 24123 (base 7) in base 8?
14140
Convert -3bb8 (base 14) to base 8.
-24466
What is 5650 